. Let h = 6 - f. What is u(h)?
0
Let o be 48/16 - (1 + 0). Suppose 0 = -g + 1 + o. Let k(a) = -2*a + 4. Let m be k(g). Let j(u) = u - 2. Determine j(m).
-4
Suppose -o + 1 + 2 = t, -2*t = -o - 3. Suppose 10 = -5*h, 2*k + 2*h + t*h - 4 = 0. Let u(b) = b**3 - 6*b**2 + b - 7. What is u(k)?
-1
Let x(w) = w**2 + 0*w - 3 - 2*w + 3*w**2. Suppose -13*k - 2085 + 2059 = 0. Give x(k).
17
Let o(n) = -6*n**2 - 49*n - 49. Let i be o(-7). Let k be 1/(-3) + (-21)/(-9). Let x(h) = -h**3 + 2*h - k*h + h - h**2 + 4. What is x(i)?
4
Let h(f) be the second derivative of -f**5/20 + f**4/4 - f**2 + 1030*f. Suppose n - 5*u = -8, -2*u + 4*u = n + 2. Calculate h(n).
2
Let p(n) = -42*n - 170. Let a be p(-4). Let o(w) = -3*w**3 - 4*w**2 - 2*w. Give o(a).
12
Let q(c) be the first derivative of -c**2/2 - 13*c + 3. Let p be q(-9). Let l(j) = 3*j + 6. Let r(g) = -9*g - 18. Let u(y) = 11*l(y) + 4*r(y). Give u(p).
6
Let z(f) = -f + 3. Let l(h) = -5 + 6 + 2*h - 4 - 3. Let s(g) = 6*l(g) + 11*z(g). Determine s(5).
2
Let l(f) = -2*f. Let y(v) = -v**2 - 11*v - 33. Let x be y(-6). Determine l(x).
6
Let c(p) be the first derivative of 23*p**3/3 - p**2 - p + 5. Let i = -173 + 172. What is c(i)?
24
Suppose 5*f + 14 + 16 = 0. Let v(s) = 15*s**2 + 7*s + 8. Let y(o) = 14*o**2 + 6*o + 7. Let d(t) = f*v(t) + 7*y(t). Calculate d(-1).
9
Let q(f) be the second derivative of f**3/2 - 39*f. Let b be (-11)/55 + (-18)/10. Determine q(b).
-6
Suppose -3*k - 2*j = -k - 6, -2*k + 1 = -3*j. Let q(x) = 3*x - 3. Let u(g) = -g**2 + 3*g - 3. Let w(p) = -5*q(p) + 6*u(p). Calculate w(k).
-21
Let b(w) = w**2 + 5*w - 7. Let x = -229 - -223. What is b(x)?
-1
Let n = 2 - 7. Let r be 2/n - 66/(-15). Let b(p) be the second derivative of p**4/12 - p**3/6 - 10*p. What is b(r)?
12
Let f(j) be the third derivative of 0 + 1/60*j**5 - 5/6*j**3 + 0*j - 7/24*j**4 - 9*j**2. Give f(8).
3
Suppose 2*j = -5*y + y - 6, 0 = 5*j + 3*y - 6. Let m(w) = 8 - j - 6 + 3*w**2. Determine m(-1).
2
Let p(o) = -2*o + o**2 + 7*o + 3 + 0*o. Let m be 0 + -7 + 3/1. What is p(m)?
-1
Suppose -w = -3 + 1. Let b(l) = 15*l - 19*l - w + 5*l. Calculate b(0).
-2
Let k(f) = f**3 + 3*f**2 + 3*f + 3. Suppose -4*c - 5*c + 6*c = 0. Suppose -p - 12 = p + 4*z, c = 5*p - z + 8. What is k(p)?
1
Let l be (4/(-6))/((-14)/63). Suppose -l*o = 1070 - 311. Let n be 2/7 + o/77. Let m(b) = -2*b - 2. What is m(n)?
4
Let g(r) be the first derivative of -r**2/2 - 3*r - 116. What is g(-3)?
0
Let q(w) = -713 + 4*w + 713. Let o be 3/(-5) + 4/(-10). Calculate q(o).
-4
Let k(t) = 5*t**2 - 3. Let p(z) = -13*z**2 + 6. Let n(c) = 5*k(c) + 2*p(c). Suppose 5*m = -0*m + 3*j + 3, 4*m - 5 = 5*j. Determine n(m).
-3
Let h = 11 + -5. Let g = h - 10. Let k(v) = -3*v - 4*v**2 - 8 + 6*v**2 + 7 - v**3 - 6*v**2. Determine k(g).
11
Suppose -4*j + 41 = 5*c, 3*c = -7*j + 2*j + 35. Let w(x) = -x + 10. Let r be w(j). Let a(o) = 4*o - 4 + o**3 - r*o + o**2 + 3. Give a(-3).
-13
Let t(u) = -15*u**3 + 41*u**2 - 49*u + 115. Let k(n) = -4*n**3 + 10*n**2 - 12*n + 29. Let w(i) = -11*k(i) + 3*t(i). Calculate w(12).
-10
Let l(m) = m - 6. Let g(d) = -8*d + 58. Let i(p) = -g(p) - 6*l(p). Calculate i(14).
6
Let d(f) = -15*f - 3. Let j = -58 - -52. Let w(a) = -4*a - 1. Let l(g) = j*d(g) + 22*w(g). Determine l(8).
12
Let a(h) = -h**2 + 6*h - 7. Let m be a(5). Let u be (8/(-5))/((-32)/(-20) + m). Let x(i) be the first derivative of 2*i**3/3 - 2*i**2 - 5*i + 1. Determine x(u).
11
Let l(y) be the third derivative of y**5/60 - 3*y**4/4 + 5*y**3 - 195*y**2. Calculate l(16).
-2
Let u(g) = g**3 - 9*g**2 + 9*g - 5. Let q be u(8). Let i(k) = -2*k - 6. Determine i(q).
-12
Let r(w) be the second derivative of 0 + 0*w**2 - 2*w - 1/6*w**3. Let b = -37 - -34. What is r(b)?
3
Let o = 90 + -88. Let s(x) be the first derivative of -x**4/4 + 5*x**3/3 - x**2 + 2. What is s(o)?
8
Let w(b) = -9*b**2 - 8*b + 19. Let y(u) = 25*u**2 + 23*u - 55. Let n(p) = 11*w(p) + 4*y(p). Calculate n(-6).
1
Let d(q) = -q + 4. Let n = -3 - -5. Let x be d(n). Suppose -2*v = 4*c + x, -2*v + 4*v + 5*c = 0. Let l(m) = m**2 + 7*m - 5. Calculate l(v).
-15
Let p(n) = -n**2 - 3*n + 5. Let v(f) = -f**2 - 2*f + 5. Let i(j) = 2*p(j) - 3*v(j). Suppose -5*s + 6*s = 0. What is i(s)?
-5
Let k be (-4 + 2 - -1)*4. Let v(j) be the second derivative of -5/2*j**2 - 8*j + 1/4*j**4 - 5/6*j**3 + 0 + 1/20*j**5. Calculate v(k).
-1
Let i(o) be the first derivative of o**4/4 - 7*o**3/3 + 4*o**2 - 6*o - 3. Let x be 4 + 1*(1 + -2 + 3). What is i(x)?
6
Let p(w) = -3 - 90*w + 94*w + 3. Suppose -5*m - 5*n = -20, n = m + 4*n - 14. Give p(m).
-4
Let m(k) be the third derivative of -k**6/120 - k**5/12 - 5*k**4/24 - 5*k**3/6 + k**2. Let c be (3/4)/((-63)/(-168)). Let g be -2 + (-7)/(7/c). Give m(g).
-1
Let f(d) = -3*d + 35. Let z(w) = -w + 17. Let o(u) = 2*f(u) - 5*z(u). Calculate o(-11).
-4
Let p(o) = 6*o + 1. Let z(q) = 8*q + 8. Let h(r) = 3*p(r) - z(r). Give h(-3).
-35
Let b(y) = -y - 7. Suppose 0 = 4*p + 16*p - 140. What is b(p)?
-14
Let x be 2/(1*4/42). Let p(r) = -2*r + 5*r**2 + r - x*r**3 - 2 + 40*r**3 - 18*r**3. Calculate p(-5).
3
Let q(l) = -23 + 3*l + l + 10 + 7. Give q(5).
14
Let u(b) be the third derivative of b**4/24 - 2*b**3/3 + 2*b**2 - 45. Give u(-5).
-9
Let r(p) be the second derivative of -1/20*p**5 - 1/3*p**3 - 52*p + 0*p**2 - 1/3*p**4 + 0. Give r(-3).
-3
Let l(x) = -6*x**3 + 8*x**2 - x + 3. Suppose 68 = 5*v + 48. Let r(z) = -5*z**3 + 7*z**2 + 2. Let y(m) = v*l(m) - 5*r(m). What is y(4)?
2
Let r(x) be the second derivative of x**4/24 + 2*x**3/3 + 35*x**2/2 + 42*x. Let f(j) be the first derivative of r(j). What is f(-10)?
-6
Let u(g) = 2*g**2 + 4*g - 5. Let s be (-4)/6 - 56/(-12). Let c(p) = -2*p**2 - 5*p + 6. Let d(w) = s*c(w) + 5*u(w). Calculate d(-1).
1
Let i(w) = 6*w - 2. Let l(b) = -b**2 + 9*b + 1. Let v be l(8). Let p be ((-6)/9)/((3/v)/(-1)). Calculate i(p).
10
Let x(a) be the second derivative of -a**2 - 1/2*a**3 - 3*a + 0. Suppose 5*u - 2*z - 19 = -3, 5*u - 4*z = 22. Calculate x(u).
-8
Let l(w) = -w**2 + 3*w - 3. Let k be (-3396)/(-42) - -4 - (-2)/14. Let p = -81 + k. Give l(p).
-7
Let s(r) = -7*r**2 + 12*r - 18. Let z(h) = 4*h**2 - 9*h + 9. Let m(i) = -3*s(i) - 5*z(i). What is m(-9)?
9
Let h(p) = p**3 + 3*p**2 + 3*p + 7. Suppose -d - 2*u - 3 = 0, 38*u = 2*d + 40*u + 6. Determine h(d).
-2
Let u(n) = -3*n**2 + 6*n - 3. Let y(s) = s**2 - 1. Let p(r) = -u(r) - 2*y(r). Give p(5).
0
Let q = -47 - -38. Let o = 3 + q. Let n(c) = -2*c - 7. Calculate n(o).
5
Suppose -2*i + a - 4*a - 112 = 0, 0 = -i - 4*a - 56. Let p = 61 + i. Let m(r) = r**3 - 3*r**2 - 6*r - 4. Give m(p).
16
Suppose 0 = 17*h - 21*h + 8. Suppose 2*y - a + 9 = 0, 0 = -3*y + h*a - 9 - 2. Let t(s) = s**2 + 7*s. Give t(y).
0
Suppose 10 = 3*w + 2*w. Let h(k) = 0*k + 6 + 0*k + w*k. Suppose -5*d + 7*d = -10. Determine h(d).
-4
Let f(o) = -7*o**3 + 7*o**2 - 3*o + 2. Let b(m) = 3*m**3 - 4*m**2 + 2*m - 2. Let n(g) = -5*b(g) - 2*f(g). Give n(4).
22
Let x(t) = -3 - 3*t - 4*t - 2*t. Let r(c) = -4*c - 1. Let g(o) = -5*r(o) + 2*x(o). What is g(-6)?
-13
Let s(p) = -2*p**3 + 18*p**2 - 18*p + 11. Let d be s(8). Let h(v) = -v**2 - 5*v. Calculate h(d).
0
Let b(r) = r. Let m = -32 + 32. Suppose m = -5*i + i. Give b(i).
0
Let k(f) = 421*f**2 - 212*f**2 - 201*f**2 + 1. Calculate k(-1).
9
Let i = 8 + 2. Let f(a) = 5*a**2 + 3 + 3 + 9*a**3 - i*a**3. Determine f(5).
6
Let a(p) = -p**2 - 4*p + 6. Let w be 18/(3/(12/8)). Let j(g) = g**3 - 11*g**2 + 16*g + 12. Let i be j(w). Give a(i).
-6
Suppose -2*u + 10 = 0, 0 = 5*n + 3*u - 33 - 17. Let r be (6/2)/((-6)/(-4)). Let a(g) = 0*g**r - 2*g + 9 + 15*g - n*g - g**2. Determine a(8).
-7
Suppose -4*o + 58 = 5*x, x - 2*o - o = 4. Let s(k) = k - 7*k + 4 + x*k. Give s(-3).
-8
Let w(t) = 3*t - 3. Let z(l) = 7*l - 7. Let s(r) = 5*w(r) - 2*z(r). Let a(h) = 2*h - 1. Let j(g) = a(g) + 2*s(g). Calculate j(2).
5
Let c(g) = -g**2 - 7*g + 5. Let x be c(-7). Suppose 0 = -3*z + 4*z - 2. Let o(u) = -2*u**2 + 4*u + 4*u - z*u**2 + x*u**2 + 9. Determine o(-6).
-3
Let o(s) = 1073*s - 535*s - 540*s. Let u(x) = -9*x - 3. Let a(k) = -4*o(k) + u(k). What is a(4)?
-7
Suppose 0 = -6*x + 11*x + 25. Let y be 1/(-2) - (-44)/8. Let l(n) = 2*n - 5 - y + 10. Calculate l(x).
-10
Let c(u) = -u**3 + 4*u**2 - 2*u - 6. Let v be (-6)/9 + 68/12. Give c(v).
-41
Let q(h) be the second derivative of -1/6*h**3 + 1/2*h**2 - 1/12